s a prime number?
True
Let q(w) be the third derivative of w**5/60 + w**4/24 - w**3 - w**2. Let c be q(0). Is 249/2*(-4)/c a prime number?
True
Let r = 4 - 4. Suppose 6 = 3*v, r*d - 106 = -2*d + 4*v. Suppose k + 3*o + 20 - d = 0, 5*k + 5*o - 165 = 0. Is k prime?
True
Let x = -9 - 3. Let d be (537/x)/(2/(-8)). Suppose -504 = -5*r - d. Is r a prime number?
False
Let u(y) = 2*y**2 + 3*y - 4. Let l be u(-3). Suppose 0 = -a + 2*w - 3, 4*w - 9 = 4*a - l*a. Let h = a + 24. Is h a composite number?
True
Let q(t) be the third derivative of -1/6*t**3 + 2*t**2 - 41/6*t**4 + 0*t + 0. Is q(-1) a composite number?
False
Let l(y) = y**3 - 10*y**2 + 10*y - 7. Let i be l(9). Suppose 0 = 3*u + i*u - 175. Is u a composite number?
True
Suppose i = 5*c + 108, 0*c = -i - 3*c + 100. Is i a prime number?
True
Suppose -z - 4*z = -2035. Is z a composite number?
True
Let z = 242 - 16. Is z a composite number?
True
Let b(t) = -129*t**3 + 4*t**2 + 2*t - 1. Is b(-2) a prime number?
False
Suppose -3 = -t, -m - m + 4*t = -778. Is m prime?
False
Let r = 5 - 6. Is -23*(0 - (r - -3)) prime?
False
Let o(x) = x**3 + x**2 + 3*x - 4. Is o(5) composite?
True
Let w = 21 - 18. Let o(y) = -y**3 + y. Let a be o(0). Suppose a*j + w*j = 9. Is j a prime number?
True
Suppose -4*s = 20, 5918 = 5*a - 2*s - 2797. Is a prime?
True
Let a = 305 + -178. Is a a prime number?
True
Suppose -h - 24 = 22. Let l = -9 - h. Is l composite?
False
Let k = 5 + -3. Let l(w) = -2*w**2 - 2*w + 2. Let p be l(k). Let d = p + 25. Is d prime?
False
Let v(r) be the third derivative of r**6/360 + 5*r**4/8 + r**3/2 + 2*r**2. Let z(f) be the first derivative of v(f). Is z(0) composite?
True
Suppose -z = 2*l + 3*l - 69, 5*l = -3*z + 207. Suppose 2*d - z = -s, -s - 162 = -3*s + 2*d. Is s a composite number?
True
Let p = -601 + 319. Let x be ((-1)/((-2)/1))/(6/(-1116)). Is (-1)/(3 - p/x) composite?
False
Let x = -525 + 1156. Is x prime?
True
Suppose i = -3*f - 2*i + 81, 0 = 3*f - 3*i - 57. Is f a prime number?
True
Let g = 13 - -9. Suppose 0 = -2*o - 0*o - g. Is (-211)/o - (-2)/(-11) prime?
True
Suppose 0 = -3*c + l + 11132, c - 18540 = -4*c - l. Is c a prime number?
True
Let w(r) = -395*r + 1. Suppose -k - 3 = 2*k. Let p be w(k). Let j = p - 233. Is j prime?
True
Suppose 4*l = 288 + 1732. Is l composite?
True
Let d be 1/(-2)*(6 + 4). Let u(g) = -2*g**2 + 2*g + 7. Let b(k) = -k**2 + k + 7. Let p(s) = 3*b(s) - 2*u(s). Is p(d) composite?
False
Let d(h) = 71*h**2 + 10*h + 19. Is d(-4) a prime number?
False
Suppose 3*w = 4*n + 58 + 19, 2*w = -2*n - 28. Let u = n + 36. Is u composite?
False
Suppose -2*d = -3*d + 63. Let x = 130 - d. Is x prime?
True
Suppose 3*m - 5*y + 11 = 0, 4*y = -2*m - y + 26. Suppose m*s = 15, -s = h + s - 18. Suppose 3*p - h*p = -195. Is p composite?
True
Suppose w - 639 = -2*c + 233, -w + c + 869 = 0. Suppose -l - 216 = -i - 0*l, -w = -4*i + 2*l. Is i a composite number?
True
Is (-4985)/(-25) - 2/5 a prime number?
True
Suppose 0 = v + 4*y - 39, 2*y - 56 = -2*v + 5*y. Is v a composite number?
False
Suppose -2*i + 5*a - 35 = 0, -5*i + 2*a + 22 = 141. Suppose -5*b + 156 = -2*b + 3*k, -5*k + 212 = 4*b. Let j = b + i. Is j a composite number?
False
Suppose 1945 = 7*r - 2*r. Is r a prime number?
True
Suppose 5*n - 3*n = -6. Is (-30 + 1)/(n/9) prime?
False
Let g(n) = -n**3 + n**2 + n. Let z(y) = -3*y**3 + 6*y**2 + 4*y + 1. Let m(o) = 4*g(o) - z(o). Let i be ((-4)/(-5))/((-2)/10). Is m(i) composite?
False
Suppose -3*v - 2 - 1 = 0. Let s be (-2)/(-6) + 8/3. Is 13 - (3/v)/s a composite number?
True
Let v(w) = 15*w - 1. Let p be v(-8). Let a = -36 - p. Is a a composite number?
True
Suppose -3*v + 370 + 24 = w, 5*w - 2*v = 1885. Is w a prime number?
True
Suppose 3*t + 604 = 4*a - 3*a, 2*t = -a - 406. Let z = -361 - t. Let m = -70 - z. Is m a prime number?
True
Let g(h) = -49*h - 18. Is g(-11) prime?
True
Let f = -1 + 1. Let x = 43 - 30. Let s = f + x. Is s a prime number?
True
Let m(l) = l**3 + 3*l**2 + 7. Suppose 2*v + 7 = 19. Is m(v) a prime number?
True
Let n be (-33)/(1 - 1/(-2)). Is (3 - 3) + -1 - n a prime number?
False
Let o(h) = -3*h**2 - 2*h. Let z be o(-3). Let i = z + 95. Is i composite?
True
Let g(k) = -4*k + 1. Let b(x) = 12*x - 2. Let j(q) = 4*b(q) + 14*g(q). Is j(-5) prime?
False
Let b = 1418 + 1239. Is b prime?
True
Let j be (-19)/(-3) + (-2)/(-3). Let m = j - 7. Let o = 23 + m. Is o a composite number?
False
Let k(z) = z**2 + 2. Let o be k(-3). Suppose r = -3*r + 3*s + 27, 3*r + 4*s + o = 0. Suppose f - 5*m - 85 = 0, r*f = -5*m + 2*m + 183. Is f a prime number?
False
Suppose -8*l = -5*l - 12. Is (-2)/l + 67/2 prime?
False
Let n(m) = 1763*m + 6. Is n(1) composite?
True
Let k be 1 + 3/(1 - -2). Suppose -5*o + 3*m + 30 = 0, 6*o - 22 = k*o + 2*m. Is o a prime number?
True
Suppose 3*w + 2*b - 262 = 0, w + 0*b + 2*b - 82 = 0. Suppose 5*o - w - 195 = 0. Is o prime?
False
Let h(s) = -16*s + 11. Is h(-15) composite?
False
Let m = -3 - -16. Is m composite?
False
Suppose 0 = 2*y - 2, -4*s + y - 2*y = -41. Is 66/s + (-2)/(-5) a prime number?
True
Let m = 7 + -6. Is -5 + m - -3 - -142 composite?
True
Let a(d) be the second derivative of -d**3/6 - d**2 + d. Let v be a(-4). Suppose x + 108 = v*x - 5*i, 228 = 2*x + 2*i. Is x prime?
True
Let g = 1085 - -1344. Is g a composite number?
True
Let s(l) = -6*l + 1. Suppose 0 = 5*f - a + 19 + 9, 2*f - 4*a = -22. Is s(f) composite?
False
Let g(h) = -5*h**3 + 2*h - 1. Let l be g(1). Let u = 0 - l. Suppose -u*s + 238 = -2*s. Is s prime?
False
Suppose -4*g + 5*s - 171 = -5*g, 767 = 5*g + 3*s. Let q(p) = -14*p - 2. Let b be q(-3). Suppose b = -3*k + g. Is k a prime number?
True
Let b be (-5)/((-10)/(-12) + -1). Let i be 4/6 - b/(-9). Suppose -i*n = -c - 4*c + 113, 0 = -c + 5*n + 31. Is c composite?
True
Is 4 - (0 + 198)/(-2) prime?
True
Let s = -19 + 70. Suppose f + 0*f - s = 0. Is f a composite number?
True
Let m = -8 + 13. Suppose -m*g + 10 = -655. Is g - (-1 - 1/(-1)) prime?
False
Suppose 13*j = 8*j + 15. Is 2 - (j*-89 + -2) composite?
False
Let v = -478 - -857. Is v composite?
False
Suppose -k = 2*k. Suppose k = 4*t + 8. Let o(h) = 29*h**2 - 1. Is o(t) composite?
True
Let m(t) be the second derivative of 23*t**5/20 + 5*t. Is m(1) a composite number?
False
Let d(m) = m - 8. Let x be d(13). Suppose k = -4*k + 1130. Suppose x*n = k + 159. Is n a prime number?
False
Let s(x) = -7*x**3 + 6*x**2 - 6*x + 8. Let t(i) = 13*i**3 - 13*i**2 + 11*i - 16. Let q(d) = -11*s(d) - 6*t(d). Is q(7) composite?
True
Suppose i - 3 = -2. Suppose -g - 2 = i, -x = 2*g - 42. Let b = 103 - x. Is b composite?
True
Let x(t) be the second derivative of -3*t**5/4 - t**4/6 - t**3/2 - t**2/2 - 6*t. Is x(-3) composite?
True
Suppose -6 = -4*q + 6. Suppose -3*c - q*s = s + 16, 13 = -2*c - 5*s. Is (-67)/2*(c - -2) prime?
True
Suppose 6*z = z + 5, -4*z + 8 = k. Suppose 1 - k = j, 0 = -3*t - j + 444. Is t prime?
True
Let b = 4 + -1. Suppose 0 = -3*x + p + 10, -4*x + 5*p - b*p = -10. Suppose -282 = x*f - 1087. Is f a composite number?
True
Is ((-33140)/(-30))/((-1)/(-3)) a composite number?
True
Suppose -5*n = 93 - 448. Is n a prime number?
True
Let m = 6 + -4. Suppose 2*k - 14 = -4*d + 2, 32 = 4*k + 5*d. Suppose -4*r - l + 183 = 0, -m*l - 40 - k = -r. Is r a composite number?
True
Let c = 15 - 13. Suppose -c*x - 261 = -5*x. Is x a composite number?
True
Suppose -3 = 5*o + 2. Is 8/6*36 - o composite?
True
Let r(t) = 5*t**2 - 11*t - 7. Is r(-9) a composite number?
True
Suppose -k - 4*j - 93 = 0, 0 = -2*k - 5*j - 281 + 86. Let d = k - -172. Is d composite?
False
Suppose 4*y = 0, y = -2*g - y - 82. Let f = 74 + -38. Let w = f - g. Is w a composite number?
True
Let p(g) = g**3 - 2*g**2 - 2*g - 1. Let s be p(3). Is s/4 - 95/(-10) a prime number?
False
Let b(v) be the first derivative of v**2 + 7*v + 4. Let s = 12 - 6. Is b(s) a prime number?
True
Let n = 4 + -4. Suppose -5*r + 254 = -p - n*p, 1 = p. Is r a prime number?
False
Let h(v) = -v**2 + 6. Let j be h(0). Suppose -3*w + 2*w + j = 0. Is (3/(-1))/(w/(-28)) a composite number?
True
Let m be ((-40)/(-15))/(3/(-252)). Let h = m + 383. Is h prime?
False
Let w be (1/(-2))/(3/(-24)). Suppose i - 6*i - 43 = -3*v, 0 = 3*v + w*i - 79. Is v prime?
False
Suppose -1 = -o + 3. Suppose -o = -5*m + 4*i, -5*i = 5*m - 58 + 18. Suppose m*w = w + 429. Is w composite?
True
Let 